8
In base 14, what is 14 + 311?
325
In base 10, what is 2091 + 6?
2097
In base 15, what is 96 - 34?
62
In base 8, what is -1 + 343?
342
In base 12, what is -1002 + 3?
-bbb
In base 8, what is -142 + -2?
-144
In base 8, what is -10 + -24?
-34
In base 9, what is -3 + -205?
-208
In base 5, what is -101 - -114?
13
In base 11, what is 21 + 4?
25
In base 3, what is -120 - -1110?
220
In base 5, what is -14 + 1044?
1030
In base 11, what is -4 + -38a0?
-38a4
In base 14, what is 55b - -1?
55c
In base 15, what is 202 - 1?
201
In base 12, what is 1 - -54?
55
In base 15, what is -46 + 5?
-41
In base 15, what is -1b + 6e?
53
In base 10, what is 39449 + -3?
39446
In base 8, what is -102 + 17?
-63
In base 8, what is -156 - -3?
-153
In base 13, what is 4 + 1ac?
1b3
In base 14, what is -667 - -4?
-663
In base 13, what is 0 + -42?
-42
In base 10, what is -1 + 51?
50
In base 7, what is -4 - 340?
-344
In base 9, what is 1 + 2827?
2828
In base 7, what is -2 + -50?
-52
In base 8, what is 4 + -42?
-36
In base 6, what is -3305 + 3?
-3302
In base 4, what is 3 + -1120113?
-1120110
In base 4, what is -11 - -331?
320
In base 10, what is -1485 + 3?
-1482
In base 5, what is 21204 + 10?
21214
In base 8, what is -1271 - 3?
-1274
In base 7, what is -2026 - 4?
-2033
In base 3, what is 1202 + 0?
1202
In base 8, what is 1 - -15?
16
In base 12, what is 3 + -574?
-571
In base 10, what is -469 - 8?
-477
In base 8, what is -663 - 3?
-666
In base 9, what is 354 + 3?
357
In base 7, what is -605 - 1?
-606
In base 15, what is 4 + -10d?
-109
In base 6, what is -21 - -40?
15
In base 10, what is -28 + 3?
-25
In base 16, what is -5 + -2303?
-2308
In base 7, what is -2 + 1016?
1014
In base 12, what is -8 + -3b?
-47
In base 9, what is -3077 + 4?
-3073
In base 4, what is -2233 - 100?
-2333
In base 5, what is -1 + -424?
-430
In base 12, what is -10 - 192?
-1a2
In base 15, what is de70 - -1?
de71
In base 14, what is -5c + -1b?
-79
In base 10, what is -3 + 23?
20
In base 3, what is 101 + -12?
12
In base 13, what is 90 - 0?
90
In base 12, what is -4 - -117?
113
In base 10, what is -2 + -2471?
-2473
In base 8, what is 3 + -542?
-537
In base 8, what is 1270 - -36?
1326
In base 8, what is 42 + -15?
25
In base 9, what is -231 + -1?
-232
In base 15, what is -1 - 151?
-152
In base 5, what is -2020 + 3?
-2012
In base 14, what is a1a - 2?
a18
In base 16, what is 13 - -8?
1b
In base 3, what is 100 + -1222?
-1122
In base 12, what is 5739 - 3?
5736
In base 13, what is -3 + -5c3?
-5c6
In base 7, what is -244 - -11?
-233
In base 13, what is 172 + 6?
178
In base 12, what is 283 - 2?
281
In base 2, what is 10000 + 10101001101?
10101011101
In base 3, what is 22221 - -11?
100002
In base 11, what is 88 + -188?
-100
In base 2, what is -1011101000 + -11?
-1011101011
In base 14, what is 600 - 3?
5db
In base 7, what is -32 - 1?
-33
In base 2, what is 10101111101 + -101?
10101111000
In base 16, what is 8 - 30?
-28
In base 8, what is -3 + 5?
2
In base 7, what is -3663 + 10?
-3653
In base 14, what is 12c2 + 4?
12c6
In base 16, what is -5 + 705?
700
In base 3, what is -2111110 + 12?
-2111021
In base 7, what is -36 + 254?
215
In base 12, what is a57 - 3?
a54
In base 12, what is 2 - 52b?
-529
In base 13, what is 9c0 - 0?
9c0
In base 15, what is 756 + -1?
755
In base 6, what is 0 + -330?
-330
In base 4, what is -1021222 + -11?
-1021233
In base 12, what is -2 + 138?
136
In base 14, what is 172 - 9?
167
In base 15, what is 0 - -d1?
d1
In base 3, what is 2000 + -100?
1200
In base 16, what is 1 - 10?
-f
In base 7, what is 1 - -4564?
4565
In base 7, what is 151 - 106?
42
In base 11, what is 4 - -1a7?
200
In base 3, what is 10 + 20202121?
20202201
In base 15, what is -1 + -1ea1?
-1ea2
In base 5, what is -2 + -2423?
-2430
In base 3, what is -12 + -10021010?
-10021022
In base 15, what is 125a + 0?
125a
In base 2, what is 111111111 + 11?
1000000010
In base 13, what is -367 + 5?
-362
In base 5, what is 20441 + 4?
21000
In base 10, what is 2938 - 5?
2933
In base 14, what is -7 - 54?
-5b
In base 2, what is -10101 - 1001001?
-1011110
In base 9, what is -110 + -5?
-115
In base 12, what is 0 - -1174?
1174
In base 9, what is 1 + -2561?
-2560
In base 9, what is 54 - -11?
65
In base 2, what is 1011 + -10?
1001
In base 16, what is dc + -10?
cc
In base 14, what is 21 + -2?
1d
In base 15, what is 18 + -3?
15
In base 2, what is 11 - -101101110?
101110001
In base 3, what is 2 - -1120?
1122
In base 2, what is 100011111 - 0?
100011111
In base 13, what is 87 - -1?
88
In base 12, what is 151 - -2?
153
In base 6, what is -33 - 2444?
-2521
In base 13, what is 13 + -2?
11
In base 3, what is 2 + 220021?
220100
In base 5, what is 10 + -202?
-142
In base 3, what is -12 - -210?
121
In base 3, what is 200 + -12?
111
In base 4, what is 31101 + -11?
31030
In base 8, what is 141 + 75?
236
In base 2, what is 101101000110 - -1?
101101000111
In base 5, what is 22 - 1140?
-1113
In base 16, what is -101 - -3?
-fe
In base 2, what is -1000 - -11000?
10000
In base 10, what is -4 + -22?
-26
In base 2, what is 11 + 11100001?
11100100
In base 5, what is 3203 + 1?
3204
In base 3, what is 12201 - -10?
12211
In base 5, what is 41 + 1430?
2021
In base 12, what is 1 - -942?
943
In base 7, what is -1226 + -2?
-1231
In base 13, what is -1cb - 1?
-1cc
In base 6, what is -43 + -30?
-113
In base 9, what is 1868 - -2?
1871
In base 14, what is 5b + 39?
96
In base 10, what is 181 - -3?
184
In base 12, what is -b - -144?
135
In base 4, what is -11 - 113021?
-113032
In base 4, what is -12001202 + -2?
-12001210
In base 2, what is -111 - 100101?
-101100
In base 8, what is 0 + 24?
24
In base 13, what is 2 + -4090?
-408b
In base 16, what is -1 + -62?
-63
In base 5, what is -24 + 10?
-14
In base 6, what is -3545 - -3?
-3542
In base 2, what is -1 - -10111101?
10111100
In base 2, what is -1 - -1100?
1011
In base 16, what is 9 + 4a?
53
In base 10, what is 6 + -339?
-333
In base 2, what is -10 + -100100?
-100110
In base 9, what is -378 - 7?
-386
In base 15, what is 7 + 3?
a
In base 8, what is -36 + 3?
-33
In base 9, what is 866 - -3?
870
In base 5, what is -3100 + -10?
-3110
In base 11, what is -5 - -20?
16
In base 8, what is -72 - 4?
-76
In base 13, what is 4 + 80?
84
In base 9, what is 1223 - -2?
1225
In base 2, what is -1110 - 110010000?
-110011110
In base 7, what is -20 + -23?
-43
In base 12, what is 5 - -180?
185
In base 9, what is 2386 + -1?
2385
In base 9, what is 27 - -11?
38
In base 14, what is -462b + -4?
-4631
In base 9, what is 130 - 46?
73
In base 3, what is 1222121 + -112?
1222002
In base 11, what is 809 + -5?
804
In base 11, what is 114 + 5?
119
In base 13, what is -3 - 3b?
-41
In base 5, what is -140 - -11?
-124
In base 7, what is 142 - 5?
134
In base 4, what is -1103 + -2?
-1111
In base 9, what is -5 + -10?
-15
In base 8, what is -33 - -3?
-30
In base 16, what is 1 - f70?
-f6f
In base 14, what is -11da0 - -2?
-11d9c
In base 3, what is -111221100 - -12?
-111221011
In base 16, what is -c + 24?
18
In base 7, what is 150 - 12?
135
In base 10, what is -18 + -2?
-20
In base 8, what is 10 + 14?
24
In base 5, what is 234 - 12?
222
In base 15, what is -4 + 9e?
9a
In base 2, what is -111011111010 + 101?
-111011110101
In base 5, what is 10 + 33?
43
In base 4, what is -120 - 32?
-212
In base 12, what is 62b - -2?
631
In base 7, what is -336 + -3?
-342
In base 5, what is 30013 + -10?
30003
In base 11, what is -3 - -40?
38
In base 5, what is 4 - -3220?
3224
In base 6, what is -154 + 1?
-153
In base 2, what is -1000110 + -11?
-1001001
In base 7, what is 1 - -211?
212
In base 3, what is -22 - 12?
-111
In base 12, what is -1 - -6b9?
6b8
In base 7, what is -1 + -3?
-4
In base 13, what is 1 + -3185?
-3184
In base 13, what is -29 + -134?
-160
In base 7, what is -14353 + -3?
-14356
In base 2, what is -11 - 110100000?
-110100011
In base 14, what is -9 + -19?
-24
In base 12, what is 642 + 3?
645
In base 8, what is -2 + -31?
-33
In base 9, what is -20 + -764?
-784
In base 12, what is 4 + -a7?
-a3
In base 5, what is 10 - 2111?
-2101
In base 2, what is 100 + -100101111?
-100101011
In base 7, what is -22 - 104?
-126
In base 3, what is -100200 + 0?
-100200
In base 13, what is -1b - -3?
-18
In base 13, what is -c0 + -3?
-c3
In base 12, what is a832 - -5?
a837
In base 13, what is -282 - 4?
-286
In base 16, 